) = -5*g**3 + g + 1. Determine n(p).
5
Let o(v) = 2*v - 2. Let l be ((-12)/(-1))/(9/(-3)). Give o(l).
-10
Let d(t) be the second derivative of t**5/30 - t**4/6 - t**3/6 + 11*t**2/2 - 10*t. Let m(f) be the first derivative of d(f). Suppose 2*a - 5*a = -9. Give m(a).
5
Let c(u) = -12*u**3 - u**2 + u. Suppose 2*d = s - 0 + 4, 0 = -2*d - s. What is c(d)?
-12
Let j(c) = c**2 + 5*c - 3. Suppose -38*b - 110 = 42. Determine j(b).
-7
Let q(a) = -2*a**2 + 0*a - a**2 + 2*a - 1 + a - a. Determine q(-3).
-34
Let r(a) = -3*a**2 - 2 + 8*a + 2 + 2*a**2 - 4. Let s be r(8). Let x(t) be the second derivative of t**3/2 + 3*t**2/2 + t. Calculate x(s).
-9
Let c be -5 - -2 - 0/(-1). Let z = 3 - c. Let f(t) = -86*t**2 - t + 48. Let d(m) = 47*m**2 - 26. Let j(y) = -11*d(y) - 6*f(y). Calculate j(z).
-2
Let y(f) = 3*f + 6. Let k(m) = -16*m - 31. Let r be (-33)/(-6)*(2 - 4). Let q(a) = r*y(a) - 2*k(a). Determine q(-6).
2
Let t(k) = -2734 - 3*k - 2732 + 5479. What is t(4)?
1
Let c(f) be the second derivative of 0*f**4 + 1/10*f**5 - 3*f + 0 - 2/3*f**3 + 3/2*f**2. Let z be -2 + (-3)/3 + 5. What is c(z)?
11
Let a(s) = s**3 - 2*s**2 - 5. Let u(b) = 10*b - 137. Let w be u(14). Determine a(w).
4
Let g(p) = -2*p - 3*p + 8 - 10 + 0*p. Calculate g(-2).
8
Suppose 2 = 2*u - 2. Let y(z) = -1 - 4*z**2 + 0*z**2 - z**3 + z - z**u + 4*z**2. Give y(0).
-1
Let g(c) = -2*c - 17. Suppose -4*s = -36*s - 384. Determine g(s).
7
Let f(z) = -z**3 - 19*z**2 + 2*z + 41. Let g be (160/(-50) - -7)*-5. Determine f(g).
3
Let r(j) = 6*j - 92. Let w(p) = p - 18. Let x(v) = 2*r(v) - 11*w(v). Determine x(0).
14
Let j(p) = -p**2 - 24694 + 24694. Calculate j(-4).
-16
Let y(i) = -i**2 - 3*i + 2. Let l be y(-4). Let m be 40/5*(-5)/l. Suppose -2*c + 3*c + m = 4*d, -3*c + 2*d = 20. Let k(h) = h**2 + 3*h + 2. Determine k(c).
6
Let g(s) = s**2 + 6*s + 10. Let o be (6/4)/(12/(-64)). Calculate g(o).
26
Let l(a) = -a**3 + 17*a**2 - 29*a - 11. Let p = -2118 - -2133. What is l(p)?
4
Let b(x) = -3*x + 4. Suppose -14*i = 5*i - 57. Calculate b(i).
-5
Let x(q) = -4*q**2 - 20*q + 44. Let d(u) = -5*u**2 - 22*u + 46. Let a(r) = 3*d(r) - 4*x(r). Calculate a(-16).
-6
Let n(z) = -z**2 - z + 2. Let m be n(3). Let a = m - -16. Let f(j) be the third derivative of j**4/24 - 2*j**3/3 + j**2. Give f(a).
2
Let j(d) be the third derivative of d**5/60 + d**4/24 + d**3/6 - 18*d**2 - 1. Suppose -12 = -3*a - a. Let s be (6 - a)*(-1 - 0). Determine j(s).
7
Let v(f) = 0*f - 2 - f - 5*f + 7*f. Let g = 14 - 21. Let d = g - -11. Determine v(d).
2
Let q = -5231 - -5228. Let d(w) be the first derivative of -w**4/4 - w**3 + w + 1. Determine d(q).
1
Suppose 3*b - 189 = -18. Suppose -w = 2*w + b. Let a = w - -16. Let d(u) = -5*u - 2. What is d(a)?
13
Let x(l) = 5*l**2 + 5*l + 2. Let d be (-36)/(-27) - ((-400)/(-15))/8. Give x(d).
12
Let r(y) be the third derivative of y**4/12 + 3*y**3/2 - y**2 - 111. Let m(k) = k**2 - k - 6. Let z be m(0). Determine r(z).
-3
Let x(s) = 8*s**2 + 9*s + 1. Let i(l) = 4*l**2 + 6*l + 1. Let b(v) = -13*i(v) + 6*x(v). Give b(-6).
-7
Let z(x) be the first derivative of -x**2 + 4*x - 587. Give z(3).
-2
Let z = 14 - 11. Let g(u) = -u**3 - 4*u - 3*u + 3*u - 3 - 4*u**2 + z*u. What is g(-3)?
-9
Suppose c - 20 = -4*c. Suppose 20 = -2*w - c*q, 0*w + 20 = -4*w - 3*q. Let h(f) = -9*f - 2. Let n(l) = -l - 1. Let a(u) = -h(u) + 4*n(u). What is a(w)?
-12
Let y(j) be the third derivative of -j**5/60 + j**4/24 + j**2 - 42. Give y(4).
-12
Let c(m) = m**3 + 2*m**2 + 2. Let x(f) = -2*f**3 - 19*f**2 - 17*f - 22. Let h(z) = -c(z) - x(z). Calculate h(-16).
4
Let n(g) be the third derivative of -g**6/120 + g**5/12 - g**4/12 + g**3/6 - 70*g**2. What is n(4)?
9
Let o(t) = -2*t**2 - 2*t + 1. Let j be (3/(-2))/((-2)/4). Suppose -j*b + 12 = b. Give o(b).
-23
Let k(s) = s**2 - s + 344 - 346 + 2*s - 4*s. Calculate k(4).
2
Let y = 9561 + -9565. Let n(f) be the second derivative of -f**5/20 - f**4/3 + 2*f**3/3 + f**2 + f. Give n(y).
-14
Let r(y) = -y + 2. Let z(a) = a**3 + 3*a**2 - 3*a + 2. Let t(o) = -2*o**3 - 4*o**2 + 4*o - 1. Let h(b) = 2*t(b) + 3*z(b). Let s be h(0). Determine r(s).
-2
Let m(u) = -3*u**3 + 4*u**2 - 2*u - 11. Let f(s) = -10*s**3 + 12*s**2 - 8*s - 34. Let h(r) = -2*f(r) + 7*m(r). Calculate h(4).
-1
Let y(k) = k**3 - 4*k**2 + 2*k - 2. Suppose -4*z = -2*z - 10. Suppose 5*d = -4*t + z*t + 11, -13 = -4*t + d. Give y(t).
6
Let n(k) be the third derivative of 0 + 1/12*k**4 + 0*k + 0*k**3 - 26*k**2. Let o(u) = -u**3 - 5*u**2 + 6*u - 3. Let d be o(-6). What is n(d)?
-6
Let j(t) = -6*t - 5. Let w be -9*(-2)/(-3) + -2 - -4. Calculate j(w).
19
Let l = 5 - 1. Suppose -2 = -3*k + l. Let s(t) = 2 - 5*t + 4*t - 4 - 3*t**2 + 2*t**k. Give s(0).
-2
Let r(k) = -8*k**2 + 42*k - 53. Let u(i) = -7*i**2 + 34*i - 52. Let q(c) = -6*r(c) + 7*u(c). Determine q(-7).
3
Let i(p) = -p**3 - 8*p**2 - 6*p + 11. Let g be i(-7). Let y(u) = u**3 - 4*u**2 + u + 1. Calculate y(g).
5
Let p(n) = -15*n**2 + 2*n + 2 + 40*n**2 - 9 - 23*n**2. Determine p(-4).
17
Suppose m = -3*m + 8. Suppose 0*f = -m*f + 12. Let s(l) = -5*l + 5. Let x(k) = 24*k - 26. Let j(b) = -14*s(b) - 3*x(b). Give j(f).
-4
Let h(v) = -7 + 227*v - 108*v - 112*v. Determine h(-8).
-63
Let m(g) = 11*g + 14. Let y(n) = -32*n - 32. Let u(b) = -17*m(b) - 6*y(b). Determine u(8).
-6
Let m(r) = -r + 6. Let z(h) = -2*h + 4*h**2 + 4*h - 6*h + 3*h. Let f be z(-1). Suppose 2*n = b + 8 - 3, -4*n - f*b = -45. Calculate m(n).
1
Let g be -5*2/(-20) - 22/(-4). Let d(r) = 0 - g*r**2 + 7*r**2 + 0 + 6*r - 5. Give d(-4).
-13
Let a(x) = -70*x**2 + 1 + 35*x**2 + 34*x**2 + 0. Let q(w) = 3*w + 3. Let s be q(-1). What is a(s)?
1
Let v(z) = -z**3 + 6*z**2 + 3*z - 9. Suppose 4*q = -5*h + 3*h + 28, -4*q + 2*h + 20 = 0. What is v(q)?
9
Let k(q) = 5*q**2 - 2*q - 12. Let l(b) = -3 - 22 - 3*b - 4*b**2 + 4*b**2 + 11*b**2. Let i(r) = 9*k(r) - 4*l(r). Determine i(7).
-1
Let h = -39 - -38. Let f be (8 - 9)/(h + 2). Let v(l) be the first derivative of -5*l**4/4 + l**3/3 + l**2 + l + 6. Give v(f).
5
Suppose 0 = -0*u + 3*u. Let q be ((-4)/(-7))/((-20)/(-70)). Let j(h) = -2 + h**2 - 2*h + 2*h - h + 0*h**q. What is j(u)?
-2
Let x(v) = -v**2 + 8*v + 8. Suppose 8*g - 95 = -23. Suppose c - g = -0. Calculate x(c).
-1
Let s(y) = -2*y - 13. Suppose -8*u - 45 = 7*u. What is s(u)?
-7
Let y = 15 - 21. Let m(c) = c**3 + 12*c**2 + 11*c. Let n(a) = -a**3 - 13*a**2 - 12*a + 1. Let z(u) = -6*m(u) - 5*n(u). Determine z(y).
-5
Let w(n) = -n - 8. Let b(x) = x**2 - 3*x - 5. Let i be b(5). What is w(i)?
-13
Let h(l) be the third derivative of -l**4/8 - 7*l**3/6 + 2*l**2 - 48. Calculate h(-6).
11
Suppose -3*j - p - 1 = 0, 21 = j + 2*p - 7*p. Let l(c) = -j + 3*c + 7 + 2 - 2*c. Determine l(6).
14
Let a(j) be the third derivative of 0*j - 1/12*j**4 + 1/60*j**5 - 2/3*j**3 - 8*j**2 + 0. Suppose -5*v + 15 = 0, i = -i - 5*v + 21. What is a(i)?
-1
Let b(t) = -t**3 - 9*t**2 - 3*t + 8. Let z be ((-160)/(-30))/(26/(-39)). Determine b(z).
-32
Let x(j) = -11*j**2 + 10*j + 8. Let u(b) = -15*b**2 + 9*b + 8. Let y(v) = -3*u(v) + 4*x(v). What is y(-9)?
-28
Suppose 33*s - 172 - 620 = 0. Let f(k) = -k**3 + 24*k**2 + 7. Give f(s).
7
Let q(s) be the first derivative of 3*s**2/2 + 4*s + 110. Calculate q(-6).
-14
Let u(p) = -28*p + 41. Let a(q) = 81*q - 124. Let o(v) = 6*a(v) + 17*u(v). What is o(5)?
3
Suppose 22*c + 4*q = 27*c, -c + q = 0. Let k(a) be the second derivative of 5*a + 1/20*a**5 + 1/3*a**3 + 1/2*a**4 + c + 3*a**2. What is k(-6)?
-6
Let c(p) = 5*p + 0*p - 8 + 6*p - 3*p + p**2 + 14. Determine c(-7).
-1
Let l be 30/(-25)*10/(-3). Suppose 4*a - 36 = -l*f, -2*f + 2 + 6 = a. Suppose 2 = 2*b - a. Let t(u) = u**2 - 5*u - 5. Calculate t(b).
1
Let h(w) = -75*w**2 + 144*w**2 + 5 - 5*w - 68*w**2. Calculate h(5).
5
Let b(l) = l**2 - 6*l + 2. Suppose 2*u + 20 = 14. Let j be 9 - (3 - 2 - u). What is b(j)?
-3
Let j(m) = m**3 + 3*m**2 + 3*m + 4. Let g be -3 + -3 + 7 + -2. Let b be g/(2/18*3). Calculate j(b).
-5
Let b(s) = -2*s + 5. Suppose 0 = -2*k + i - 5*i + 8, 4*i + 20 = 5*k. Let g be ((-8)/(-1))/(2 - k). Determine b(g).
13
Let v(s) = s**3 + 8*s**2 + 8*s - 10. Let a = -780 - -773. Determine v(a).
-17
Let g = 1 - -3. Let s be g/(-3)*(-105)/(-14). Let z be s/(-3)*(-81)/(-45). Let u(w) = -w**3 + 5*w**2 + 5*w + 3. Determine u(z).
-3
Let l be -8 + (-2 - -2 - -3). Let v(x) = -6*x**2 - 3*x + 3. L